{"id":315,"date":"2016-04-22T10:40:21","date_gmt":"2016-04-22T08:40:21","guid":{"rendered":"http:\/\/www.neulingschule.de\/neulingschule-wp\/?page_id=315"},"modified":"2024-08-27T07:21:45","modified_gmt":"2024-08-27T05:21:45","slug":"stundenplan","status":"publish","type":"page","link":"http:\/\/www.neulingschule.de\/neulingschule-wp\/infos-und-termine\/info-abc\/stundenplan\/","title":{"rendered":"Stundenplan \/Pausen"},"content":{"rendered":"<p style=\"text-align: justify;\">Der Unterricht umfasst die F\u00e4cher Sprache, Sachunterricht, Mathematik, Englisch, Sport, Musik, Kunst\/Textilgestaltung, Religionslehre sowie den F\u00f6rderunterricht; auch die Begegnung mit anderen Sprachen wird im Rahmen des Unterrichts erm\u00f6glicht.<\/p>\n<p>F\u00fcr den Unterricht gelten die Stundentafel sowie die vom Ministerium f\u00fcr Schule und Weiterbildung herausgegebenen Richtlinien und Lehrpl\u00e4ne.<\/p>\n<p style=\"text-align: center;\">\n<table id=\"tablepress-3\" class=\"tablepress tablepress-id-3\">\n<thead>\n<tr class=\"row-1\">\n\t<th class=\"column-1\">Uhrzeit<\/th><th class=\"column-2\">Stunden\/Pausen<\/th>\n<\/tr>\n<\/thead>\n<tbody class=\"row-striping row-hover\">\n<tr class=\"row-2\">\n\t<td class=\"column-1\">7:55<\/td><td class=\"column-2\">Einlass<\/td>\n<\/tr>\n<tr class=\"row-3\">\n\t<td class=\"column-1\">8:00-8:45<\/td><td class=\"column-2\">1. Stunde<\/td>\n<\/tr>\n<tr class=\"row-4\">\n\t<td class=\"column-1\">8:50-9:35<\/td><td class=\"column-2\">2. Stunde<\/td>\n<\/tr>\n<tr class=\"row-5\">\n\t<td class=\"column-1\">9:35-9:50<\/td><td class=\"column-2\">Hofpause<\/td>\n<\/tr>\n<tr class=\"row-6\">\n\t<td class=\"column-1\">9:50-10:00<\/td><td class=\"column-2\">Fr\u00fchst\u00fcckspause<\/td>\n<\/tr>\n<tr class=\"row-7\">\n\t<td class=\"column-1\">10:00-10:45<\/td><td class=\"column-2\">3. Stunde<\/td>\n<\/tr>\n<tr class=\"row-8\">\n\t<td class=\"column-1\">10:50-11:35<\/td><td class=\"column-2\">4.Stunde<\/td>\n<\/tr>\n<tr class=\"row-9\">\n\t<td class=\"column-1\">11:35-11:45<\/td><td class=\"column-2\">Hofpause<\/td>\n<\/tr>\n<tr class=\"row-10\">\n\t<td class=\"column-1\">11:45-12:30<\/td><td class=\"column-2\">5.Stunde<\/td>\n<\/tr>\n<tr class=\"row-11\">\n\t<td class=\"column-1\">12:30-13:20<\/td><td class=\"column-2\">6.Stunde<\/td>\n<\/tr>\n<\/tbody>\n<\/table>\n<!-- #tablepress-3 from cache --><\/p>\n<table>\n<tbody>\n<tr>\n<td style=\"text-align: center;\">Uhrzeit<\/td>\n<td style=\"text-align: center;\">Stunde\/Pause<\/td>\n<\/tr>\n<tr>\n<td style=\"text-align: center;\">07:55<\/td>\n<td style=\"text-align: center;\">Einlass in die Schule<\/td>\n<\/tr>\n<tr>\n<td style=\"text-align: center;\">08:00-08:45<\/td>\n<td style=\"text-align: center;\">1. Stunde<\/td>\n<\/tr>\n<tr>\n<td style=\"text-align: center;\">08:50-09:35<\/td>\n<td style=\"text-align: center;\">2. Stunde<\/td>\n<\/tr>\n<tr>\n<td style=\"text-align: center;\">09:35-09:50<\/td>\n<td style=\"text-align: center;\">Hofpause<\/td>\n<\/tr>\n<tr>\n<td style=\"text-align: center;\">09:50-10:00<\/td>\n<td style=\"text-align: center;\">Fr\u00fchst\u00fcckspause<\/td>\n<\/tr>\n<tr>\n<td style=\"text-align: center;\">10:00-10:45<\/td>\n<td style=\"text-align: center;\">3. Stunde<\/td>\n<\/tr>\n<tr>\n<td style=\"text-align: center;\">10:50-11:35<\/td>\n<td style=\"text-align: center;\">4. Stunde<\/td>\n<\/tr>\n<tr>\n<td style=\"text-align: center;\">11:35-11:45<\/td>\n<td style=\"text-align: center;\">Hofpause<\/td>\n<\/tr>\n<tr>\n<td style=\"text-align: center;\">11:45-12:30<\/td>\n<td style=\"text-align: center;\">5.Stunde<\/td>\n<\/tr>\n<tr>\n<td style=\"text-align: center;\">12:35-13:20<\/td>\n<td style=\"text-align: center;\">6.Stunde<\/td>\n<\/tr>\n<\/tbody>\n<\/table>\n<p>In der Fr\u00fchst\u00fcckspause und bei schlechtem Wetter bleiben die Kinder in ihren Klassen und werden dort beaufsichtigt.<br \/>\n\u00dcbrigens: Unsere Schulklingel ist abgestellt.<\/p>\n","protected":false},"excerpt":{"rendered":"<p>Der Unterricht umfasst die F\u00e4cher Sprache, Sachunterricht, Mathematik, Englisch, Sport, Musik, Kunst\/Textilgestaltung, Religionslehre sowie den F\u00f6rderunterricht; auch die Begegnung mit anderen Sprachen wird im Rahmen des Unterrichts erm\u00f6glicht. F\u00fcr den &#8230;<br \/><a class=\"btn btn-primary btn-sm read-more\" href=\"http:\/\/www.neulingschule.de\/neulingschule-wp\/infos-und-termine\/info-abc\/stundenplan\/\" role=\"button\">Read more<\/a><\/p>\n","protected":false},"author":2,"featured_media":0,"parent":94,"menu_order":0,"comment_status":"closed","ping_status":"closed","template":"","meta":{"_price":"","_stock":"","_tribe_ticket_header":"","_tribe_default_ticket_provider":"","_tribe_ticket_capacity":"0","_ticket_start_date":"","_ticket_end_date":"","_tribe_ticket_show_description":"","_tribe_ticket_show_not_going":false,"_tribe_ticket_use_global_stock":"","_tribe_ticket_global_stock_level":"","_global_stock_mode":"","_global_stock_cap":"","_tribe_rsvp_for_event":"","_tribe_ticket_going_count":"","_tribe_ticket_not_going_count":"","_tribe_tickets_list":"[]","_tribe_ticket_has_attendee_info_fields":false,"footnotes":"","_tec_slr_enabled":"","_tec_slr_layout":""},"class_list":["post-315","page","type-page","status-publish","hentry","row panel panel-primary"],"ticketed":false,"_links":{"self":[{"href":"http:\/\/www.neulingschule.de\/neulingschule-wp\/wp-json\/wp\/v2\/pages\/315","targetHints":{"allow":["GET"]}}],"collection":[{"href":"http:\/\/www.neulingschule.de\/neulingschule-wp\/wp-json\/wp\/v2\/pages"}],"about":[{"href":"http:\/\/www.neulingschule.de\/neulingschule-wp\/wp-json\/wp\/v2\/types\/page"}],"author":[{"embeddable":true,"href":"http:\/\/www.neulingschule.de\/neulingschule-wp\/wp-json\/wp\/v2\/users\/2"}],"replies":[{"embeddable":true,"href":"http:\/\/www.neulingschule.de\/neulingschule-wp\/wp-json\/wp\/v2\/comments?post=315"}],"version-history":[{"count":8,"href":"http:\/\/www.neulingschule.de\/neulingschule-wp\/wp-json\/wp\/v2\/pages\/315\/revisions"}],"predecessor-version":[{"id":5793,"href":"http:\/\/www.neulingschule.de\/neulingschule-wp\/wp-json\/wp\/v2\/pages\/315\/revisions\/5793"}],"up":[{"embeddable":true,"href":"http:\/\/www.neulingschule.de\/neulingschule-wp\/wp-json\/wp\/v2\/pages\/94"}],"wp:attachment":[{"href":"http:\/\/www.neulingschule.de\/neulingschule-wp\/wp-json\/wp\/v2\/media?parent=315"}],"curies":[{"name":"wp","href":"https:\/\/api.w.org\/{rel}","templated":true}]}}