{"id":311,"date":"2016-04-22T10:31:50","date_gmt":"2016-04-22T08:31:50","guid":{"rendered":"http:\/\/www.neulingschule.de\/neulingschule-wp\/?page_id=311"},"modified":"2016-04-22T10:31:50","modified_gmt":"2016-04-22T08:31:50","slug":"sexualerziehung","status":"publish","type":"page","link":"http:\/\/www.neulingschule.de\/neulingschule-wp\/infos-und-termine\/info-abc\/sexualerziehung\/","title":{"rendered":"Sexualerziehung"},"content":{"rendered":"<p style=\"text-align: justify;\">Sexualerziehung ist integrativer Bestandteil des Unterrichts und findet f\u00e4cher\u00fcbergreifend in allen Jahrg\u00e4ngen statt. Ziel ist es, die Kinder altersgem\u00e4\u00df mit den biologischen, ethischen, sozialen und kulturellen Aspekten der Sexualit\u00e4t vertraut zu machen. Hierzu geh\u00f6rt auch das Theaterprojekt &#8222;Mein K\u00f6rper geh\u00f6rt mir&#8220;, das in zweij\u00e4hrigem Turnus f\u00fcr die Klassen 3 und 4 an unserer Schule stattfindet.<\/p>\n","protected":false},"excerpt":{"rendered":"<p>Sexualerziehung ist integrativer Bestandteil des Unterrichts und findet f\u00e4cher\u00fcbergreifend in allen Jahrg\u00e4ngen statt. Ziel ist es, die Kinder altersgem\u00e4\u00df mit den biologischen, ethischen, sozialen und kulturellen Aspekten der Sexualit\u00e4t vertraut &#8230;<br \/><a class=\"btn btn-primary btn-sm read-more\" href=\"http:\/\/www.neulingschule.de\/neulingschule-wp\/infos-und-termine\/info-abc\/sexualerziehung\/\" role=\"button\">Read more<\/a><\/p>\n","protected":false},"author":2,"featured_media":0,"parent":94,"menu_order":0,"comment_status":"closed","ping_status":"closed","template":"","meta":{"_price":"","_stock":"","_tribe_ticket_header":"","_tribe_default_ticket_provider":"","_tribe_ticket_capacity":"0","_ticket_start_date":"","_ticket_end_date":"","_tribe_ticket_show_description":"","_tribe_ticket_show_not_going":false,"_tribe_ticket_use_global_stock":"","_tribe_ticket_global_stock_level":"","_global_stock_mode":"","_global_stock_cap":"","_tribe_rsvp_for_event":"","_tribe_ticket_going_count":"","_tribe_ticket_not_going_count":"","_tribe_tickets_list":"[]","_tribe_ticket_has_attendee_info_fields":false,"footnotes":"","_tec_slr_enabled":"","_tec_slr_layout":""},"class_list":["post-311","page","type-page","status-publish","hentry","row panel panel-primary"],"ticketed":false,"_links":{"self":[{"href":"http:\/\/www.neulingschule.de\/neulingschule-wp\/wp-json\/wp\/v2\/pages\/311","targetHints":{"allow":["GET"]}}],"collection":[{"href":"http:\/\/www.neulingschule.de\/neulingschule-wp\/wp-json\/wp\/v2\/pages"}],"about":[{"href":"http:\/\/www.neulingschule.de\/neulingschule-wp\/wp-json\/wp\/v2\/types\/page"}],"author":[{"embeddable":true,"href":"http:\/\/www.neulingschule.de\/neulingschule-wp\/wp-json\/wp\/v2\/users\/2"}],"replies":[{"embeddable":true,"href":"http:\/\/www.neulingschule.de\/neulingschule-wp\/wp-json\/wp\/v2\/comments?post=311"}],"version-history":[{"count":1,"href":"http:\/\/www.neulingschule.de\/neulingschule-wp\/wp-json\/wp\/v2\/pages\/311\/revisions"}],"predecessor-version":[{"id":312,"href":"http:\/\/www.neulingschule.de\/neulingschule-wp\/wp-json\/wp\/v2\/pages\/311\/revisions\/312"}],"up":[{"embeddable":true,"href":"http:\/\/www.neulingschule.de\/neulingschule-wp\/wp-json\/wp\/v2\/pages\/94"}],"wp:attachment":[{"href":"http:\/\/www.neulingschule.de\/neulingschule-wp\/wp-json\/wp\/v2\/media?parent=311"}],"curies":[{"name":"wp","href":"https:\/\/api.w.org\/{rel}","templated":true}]}}