{"id":299,"date":"2016-04-22T10:07:27","date_gmt":"2016-04-22T08:07:27","guid":{"rendered":"http:\/\/www.neulingschule.de\/neulingschule-wp\/?page_id=299"},"modified":"2025-04-01T10:50:02","modified_gmt":"2025-04-01T08:50:02","slug":"schuelerunfallversicherung","status":"publish","type":"page","link":"http:\/\/www.neulingschule.de\/neulingschule-wp\/infos-und-termine\/info-abc\/schuelerunfallversicherung\/","title":{"rendered":"Sch\u00fclerunfallversicherung"},"content":{"rendered":"<p>Alle Kinder sind w\u00e4hrend schulischer Veranstaltungen sowie auf den direkten Wegen von und zu diesen im Rahmen der gesetzlichen Unfallversicherung gegen Unf\u00e4lle versichert. Diese Unfallversicherung bezieht sich nur auf Personensch\u00e4den, nicht auf Sachsch\u00e4den. Dazu ist es notwendig, dass sie uns melden, wenn sie nach einem Unfall zum Arzt gegangen sind. F\u00fcr die Unfallmeldung an die gesetzliche Unfallversicherung ben\u00f6tigen wir folgende Informationen:<\/p>\n<ul>\n<li>Uhrzeit und Datum des Unfalls<\/li>\n<li>Name und Anschrift des Arztes od. Krankenhauses<\/li>\n<li>Datum und Uhrzeit des Arztbesuches<\/li>\n<li>Unfallort<\/li>\n<li>Unfallhergang &#8211; falls bekannt<\/li>\n<li>Art der Verletzung<\/li>\n<li>evtl. Zeugen<\/li>\n<\/ul>\n<p>Ohne Meldung ihrerseits, dass ein Arztbesuch stattgefunden hat, wird der Unfall nur ins Verbandbuch eingetragen und es erfolgt keine Meldung an die Unfallkasse.<\/p>\n","protected":false},"excerpt":{"rendered":"<p>Alle Kinder sind w\u00e4hrend schulischer Veranstaltungen sowie auf den direkten Wegen von und zu diesen im Rahmen der gesetzlichen Unfallversicherung gegen Unf\u00e4lle versichert. Diese Unfallversicherung bezieht sich nur auf Personensch\u00e4den, &#8230;<br \/><a class=\"btn btn-primary btn-sm read-more\" href=\"http:\/\/www.neulingschule.de\/neulingschule-wp\/infos-und-termine\/info-abc\/schuelerunfallversicherung\/\" role=\"button\">Read more<\/a><\/p>\n","protected":false},"author":2,"featured_media":0,"parent":94,"menu_order":0,"comment_status":"closed","ping_status":"closed","template":"","meta":{"_price":"","_stock":"","_tribe_ticket_header":"","_tribe_default_ticket_provider":"","_tribe_ticket_capacity":"0","_ticket_start_date":"","_ticket_end_date":"","_tribe_ticket_show_description":"","_tribe_ticket_show_not_going":false,"_tribe_ticket_use_global_stock":"","_tribe_ticket_global_stock_level":"","_global_stock_mode":"","_global_stock_cap":"","_tribe_rsvp_for_event":"","_tribe_ticket_going_count":"","_tribe_ticket_not_going_count":"","_tribe_tickets_list":"[]","_tribe_ticket_has_attendee_info_fields":false,"footnotes":"","_tec_slr_enabled":"","_tec_slr_layout":""},"class_list":["post-299","page","type-page","status-publish","hentry","row panel panel-primary"],"ticketed":false,"_links":{"self":[{"href":"http:\/\/www.neulingschule.de\/neulingschule-wp\/wp-json\/wp\/v2\/pages\/299","targetHints":{"allow":["GET"]}}],"collection":[{"href":"http:\/\/www.neulingschule.de\/neulingschule-wp\/wp-json\/wp\/v2\/pages"}],"about":[{"href":"http:\/\/www.neulingschule.de\/neulingschule-wp\/wp-json\/wp\/v2\/types\/page"}],"author":[{"embeddable":true,"href":"http:\/\/www.neulingschule.de\/neulingschule-wp\/wp-json\/wp\/v2\/users\/2"}],"replies":[{"embeddable":true,"href":"http:\/\/www.neulingschule.de\/neulingschule-wp\/wp-json\/wp\/v2\/comments?post=299"}],"version-history":[{"count":3,"href":"http:\/\/www.neulingschule.de\/neulingschule-wp\/wp-json\/wp\/v2\/pages\/299\/revisions"}],"predecessor-version":[{"id":5998,"href":"http:\/\/www.neulingschule.de\/neulingschule-wp\/wp-json\/wp\/v2\/pages\/299\/revisions\/5998"}],"up":[{"embeddable":true,"href":"http:\/\/www.neulingschule.de\/neulingschule-wp\/wp-json\/wp\/v2\/pages\/94"}],"wp:attachment":[{"href":"http:\/\/www.neulingschule.de\/neulingschule-wp\/wp-json\/wp\/v2\/media?parent=299"}],"curies":[{"name":"wp","href":"https:\/\/api.w.org\/{rel}","templated":true}]}}