{"id":297,"date":"2016-04-22T09:44:46","date_gmt":"2016-04-22T07:44:46","guid":{"rendered":"http:\/\/www.neulingschule.de\/neulingschule-wp\/?page_id=297"},"modified":"2016-04-22T09:44:46","modified_gmt":"2016-04-22T07:44:46","slug":"schuleingangsphase","status":"publish","type":"page","link":"http:\/\/www.neulingschule.de\/neulingschule-wp\/infos-und-termine\/info-abc\/schuleingangsphase\/","title":{"rendered":"Schuleingangsphase"},"content":{"rendered":"<p style=\"text-align: justify;\">Die Klassen 1 und 2 werden als Schuleingangsphase gef\u00fchrt. Damit verbunden ist die Einschulung jahrgangs\u00fcbergreifender Klassen, sofern nicht eine Schule durch Beschluss der Schulkonferenz eine abweichende Organisationsform beschlie\u00dft, die eine gleichwertige individuelle F\u00f6rderung aller Sch\u00fclerinnen und Sch\u00fcler sicherstellt.<\/p>\n<p style=\"text-align: justify;\">An der Neulingschule wird nach einem Schulkonferenzbeschluss in jahrgangsbezogenen Klassen unterrichtet<\/p>\n<p style=\"text-align: justify;\">Die Kinder verbleiben zwischen einem und drei Jahren in der Schuleingangsphase.<\/p>\n","protected":false},"excerpt":{"rendered":"<p>Die Klassen 1 und 2 werden als Schuleingangsphase gef\u00fchrt. Damit verbunden ist die Einschulung jahrgangs\u00fcbergreifender Klassen, sofern nicht eine Schule durch Beschluss der Schulkonferenz eine abweichende Organisationsform beschlie\u00dft, die eine &#8230;<br \/><a class=\"btn btn-primary btn-sm read-more\" href=\"http:\/\/www.neulingschule.de\/neulingschule-wp\/infos-und-termine\/info-abc\/schuleingangsphase\/\" role=\"button\">Read more<\/a><\/p>\n","protected":false},"author":2,"featured_media":0,"parent":94,"menu_order":0,"comment_status":"closed","ping_status":"closed","template":"","meta":{"_price":"","_stock":"","_tribe_ticket_header":"","_tribe_default_ticket_provider":"","_tribe_ticket_capacity":"0","_ticket_start_date":"","_ticket_end_date":"","_tribe_ticket_show_description":"","_tribe_ticket_show_not_going":false,"_tribe_ticket_use_global_stock":"","_tribe_ticket_global_stock_level":"","_global_stock_mode":"","_global_stock_cap":"","_tribe_rsvp_for_event":"","_tribe_ticket_going_count":"","_tribe_ticket_not_going_count":"","_tribe_tickets_list":"[]","_tribe_ticket_has_attendee_info_fields":false,"footnotes":"","_tec_slr_enabled":"","_tec_slr_layout":""},"class_list":["post-297","page","type-page","status-publish","hentry","row panel panel-primary"],"ticketed":false,"_links":{"self":[{"href":"http:\/\/www.neulingschule.de\/neulingschule-wp\/wp-json\/wp\/v2\/pages\/297","targetHints":{"allow":["GET"]}}],"collection":[{"href":"http:\/\/www.neulingschule.de\/neulingschule-wp\/wp-json\/wp\/v2\/pages"}],"about":[{"href":"http:\/\/www.neulingschule.de\/neulingschule-wp\/wp-json\/wp\/v2\/types\/page"}],"author":[{"embeddable":true,"href":"http:\/\/www.neulingschule.de\/neulingschule-wp\/wp-json\/wp\/v2\/users\/2"}],"replies":[{"embeddable":true,"href":"http:\/\/www.neulingschule.de\/neulingschule-wp\/wp-json\/wp\/v2\/comments?post=297"}],"version-history":[{"count":1,"href":"http:\/\/www.neulingschule.de\/neulingschule-wp\/wp-json\/wp\/v2\/pages\/297\/revisions"}],"predecessor-version":[{"id":298,"href":"http:\/\/www.neulingschule.de\/neulingschule-wp\/wp-json\/wp\/v2\/pages\/297\/revisions\/298"}],"up":[{"embeddable":true,"href":"http:\/\/www.neulingschule.de\/neulingschule-wp\/wp-json\/wp\/v2\/pages\/94"}],"wp:attachment":[{"href":"http:\/\/www.neulingschule.de\/neulingschule-wp\/wp-json\/wp\/v2\/media?parent=297"}],"curies":[{"name":"wp","href":"https:\/\/api.w.org\/{rel}","templated":true}]}}