{"id":276,"date":"2016-04-21T11:15:18","date_gmt":"2016-04-21T09:15:18","guid":{"rendered":"http:\/\/www.neulingschule.de\/neulingschule-wp\/?page_id=276"},"modified":"2016-09-08T12:37:08","modified_gmt":"2016-09-08T10:37:08","slug":"radfahrausbildung","status":"publish","type":"page","link":"http:\/\/www.neulingschule.de\/neulingschule-wp\/infos-und-termine\/info-abc\/radfahrausbildung\/","title":{"rendered":"Radfahrausbildung"},"content":{"rendered":"<p style=\"text-align: justify;\">Viele Kinder der Klassen 1 und 2 nehmen bereits am Stra\u00dfenverkehr teil. Von daher ist das Radfahrtraining schon in diesen Klassen Teil der Verkehrserziehung. Das Training soll zur Verbesserung ihres Verkehrsverhaltens beitragen und sie sicherer im Umgang mit dem Rad machen.<\/p>\n<p style=\"text-align: justify;\">Voraussetzung f\u00fcr die Durchf\u00fchrung des Trainings ist eine ausf\u00fchrliche Information der Eltern \u00fcber die Ziele der Inhalte des \u00dcbungsprogramms sowie \u00fcber die besondere Gef\u00e4hrdung unserer Kinder als Radfahrer im Stra\u00dfenverkehr. Die Unterst\u00fctzung durch die Eltern bei der Vorbereitung (z.B. Bereitstellung eines verkehrssicheren und h\u00f6henangepassten Fahrrades, das Kaufen eines sicher sitzenden Schutzhelmes etc.) und Durchf\u00fchrung der fahrpraktischen \u00dcbungen im Schulbereich ist unerl\u00e4sslich.<\/p>\n<p style=\"text-align: justify;\">In den Klassen 3 und 4 erfolgt im Rahmen des Sachunterrichts eine umfassendere Radfahrausbildung, die mit einem theoretischen Pr\u00fcfbogen und einer Fahrt im \u00f6ffentlichen Verkehrsraum abschlie\u00dft. Sowohl die \u00dcbungen als auch die Abschlussfahrt findet in Zusammenarbeit mit der Bochumer Polizei und den Eltern statt.<img loading=\"lazy\" decoding=\"async\" class=\"size-medium wp-image-1293 alignleft\" src=\"http:\/\/www.neulingschule.de\/neulingschule-wp\/wp-content\/uploads\/2016\/04\/IMG-20160908-WA0014-300x225.jpg\" alt=\"img-20160908-wa0014\" width=\"300\" height=\"225\" srcset=\"http:\/\/www.neulingschule.de\/neulingschule-wp\/wp-content\/uploads\/2016\/04\/IMG-20160908-WA0014-300x225.jpg 300w, http:\/\/www.neulingschule.de\/neulingschule-wp\/wp-content\/uploads\/2016\/04\/IMG-20160908-WA0014-768x576.jpg 768w, http:\/\/www.neulingschule.de\/neulingschule-wp\/wp-content\/uploads\/2016\/04\/IMG-20160908-WA0014-1024x768.jpg 1024w, http:\/\/www.neulingschule.de\/neulingschule-wp\/wp-content\/uploads\/2016\/04\/IMG-20160908-WA0014.jpg 1600w\" sizes=\"auto, (max-width: 300px) 100vw, 300px\" \/> <img loading=\"lazy\" decoding=\"async\" class=\"size-medium wp-image-1294 alignleft\" src=\"http:\/\/www.neulingschule.de\/neulingschule-wp\/wp-content\/uploads\/2016\/04\/IMG-20160908-WA0013-300x225.jpg\" alt=\"img-20160908-wa0013\" width=\"300\" height=\"225\" srcset=\"http:\/\/www.neulingschule.de\/neulingschule-wp\/wp-content\/uploads\/2016\/04\/IMG-20160908-WA0013-300x225.jpg 300w, http:\/\/www.neulingschule.de\/neulingschule-wp\/wp-content\/uploads\/2016\/04\/IMG-20160908-WA0013-768x576.jpg 768w, http:\/\/www.neulingschule.de\/neulingschule-wp\/wp-content\/uploads\/2016\/04\/IMG-20160908-WA0013-1024x768.jpg 1024w, http:\/\/www.neulingschule.de\/neulingschule-wp\/wp-content\/uploads\/2016\/04\/IMG-20160908-WA0013.jpg 1600w\" sizes=\"auto, (max-width: 300px) 100vw, 300px\" \/><\/p>\n","protected":false},"excerpt":{"rendered":"<p>Viele Kinder der Klassen 1 und 2 nehmen bereits am Stra\u00dfenverkehr teil. Von daher ist das Radfahrtraining schon in diesen Klassen Teil der Verkehrserziehung. Das Training soll zur Verbesserung ihres &#8230;<br \/><a class=\"btn btn-primary btn-sm read-more\" href=\"http:\/\/www.neulingschule.de\/neulingschule-wp\/infos-und-termine\/info-abc\/radfahrausbildung\/\" role=\"button\">Read more<\/a><\/p>\n","protected":false},"author":2,"featured_media":0,"parent":94,"menu_order":0,"comment_status":"closed","ping_status":"closed","template":"","meta":{"_price":"","_stock":"","_tribe_ticket_header":"","_tribe_default_ticket_provider":"","_tribe_ticket_capacity":"0","_ticket_start_date":"","_ticket_end_date":"","_tribe_ticket_show_description":"","_tribe_ticket_show_not_going":false,"_tribe_ticket_use_global_stock":"","_tribe_ticket_global_stock_level":"","_global_stock_mode":"","_global_stock_cap":"","_tribe_rsvp_for_event":"","_tribe_ticket_going_count":"","_tribe_ticket_not_going_count":"","_tribe_tickets_list":"[]","_tribe_ticket_has_attendee_info_fields":false,"footnotes":"","_tec_slr_enabled":"","_tec_slr_layout":""},"class_list":["post-276","page","type-page","status-publish","hentry","row panel panel-primary"],"ticketed":false,"_links":{"self":[{"href":"http:\/\/www.neulingschule.de\/neulingschule-wp\/wp-json\/wp\/v2\/pages\/276","targetHints":{"allow":["GET"]}}],"collection":[{"href":"http:\/\/www.neulingschule.de\/neulingschule-wp\/wp-json\/wp\/v2\/pages"}],"about":[{"href":"http:\/\/www.neulingschule.de\/neulingschule-wp\/wp-json\/wp\/v2\/types\/page"}],"author":[{"embeddable":true,"href":"http:\/\/www.neulingschule.de\/neulingschule-wp\/wp-json\/wp\/v2\/users\/2"}],"replies":[{"embeddable":true,"href":"http:\/\/www.neulingschule.de\/neulingschule-wp\/wp-json\/wp\/v2\/comments?post=276"}],"version-history":[{"count":3,"href":"http:\/\/www.neulingschule.de\/neulingschule-wp\/wp-json\/wp\/v2\/pages\/276\/revisions"}],"predecessor-version":[{"id":1298,"href":"http:\/\/www.neulingschule.de\/neulingschule-wp\/wp-json\/wp\/v2\/pages\/276\/revisions\/1298"}],"up":[{"embeddable":true,"href":"http:\/\/www.neulingschule.de\/neulingschule-wp\/wp-json\/wp\/v2\/pages\/94"}],"wp:attachment":[{"href":"http:\/\/www.neulingschule.de\/neulingschule-wp\/wp-json\/wp\/v2\/media?parent=276"}],"curies":[{"name":"wp","href":"https:\/\/api.w.org\/{rel}","templated":true}]}}