{"id":264,"date":"2016-04-21T10:55:05","date_gmt":"2016-04-21T08:55:05","guid":{"rendered":"http:\/\/www.neulingschule.de\/neulingschule-wp\/?page_id=264"},"modified":"2016-04-21T10:55:05","modified_gmt":"2016-04-21T08:55:05","slug":"individuelle-foerderung","status":"publish","type":"page","link":"http:\/\/www.neulingschule.de\/neulingschule-wp\/infos-und-termine\/info-abc\/individuelle-foerderung\/","title":{"rendered":"Individuelle F\u00f6rderung"},"content":{"rendered":"<p>Unsere Kinder werden in der Grundschule individuell gef\u00f6rdert. Das gilt vor allem f\u00fcr Kinder, die besonderer Unterst\u00fctzung bed\u00fcrfen, um erfolgreich im Unterricht mitarbeiten zu k\u00f6nnen. Das schulische F\u00f6rderkonzept kann innere und \u00e4u\u00dfere Differenzierung sowie zus\u00e4tzliche F\u00f6rderangebote umfassen. Beobachtungsb\u00f6gen, die in regelm\u00e4\u00dfigen Abst\u00e4nden ausgef\u00fcllt werden, um den jeweiligen Lernstand und die Lernentwicklung zu beobachten und zu dokumentieren sowie \u00a0Diagnosetest in Deutsch und Mathematik, bilden daf\u00fcr die Grundlage.<\/p>\n","protected":false},"excerpt":{"rendered":"<p>Unsere Kinder werden in der Grundschule individuell gef\u00f6rdert. Das gilt vor allem f\u00fcr Kinder, die besonderer Unterst\u00fctzung bed\u00fcrfen, um erfolgreich im Unterricht mitarbeiten zu k\u00f6nnen. Das schulische F\u00f6rderkonzept kann innere &#8230;<br \/><a class=\"btn btn-primary btn-sm read-more\" href=\"http:\/\/www.neulingschule.de\/neulingschule-wp\/infos-und-termine\/info-abc\/individuelle-foerderung\/\" role=\"button\">Read more<\/a><\/p>\n","protected":false},"author":2,"featured_media":0,"parent":94,"menu_order":0,"comment_status":"closed","ping_status":"closed","template":"","meta":{"_price":"","_stock":"","_tribe_ticket_header":"","_tribe_default_ticket_provider":"","_tribe_ticket_capacity":"0","_ticket_start_date":"","_ticket_end_date":"","_tribe_ticket_show_description":"","_tribe_ticket_show_not_going":false,"_tribe_ticket_use_global_stock":"","_tribe_ticket_global_stock_level":"","_global_stock_mode":"","_global_stock_cap":"","_tribe_rsvp_for_event":"","_tribe_ticket_going_count":"","_tribe_ticket_not_going_count":"","_tribe_tickets_list":"[]","_tribe_ticket_has_attendee_info_fields":false,"footnotes":"","_tec_slr_enabled":"","_tec_slr_layout":""},"class_list":["post-264","page","type-page","status-publish","hentry","row panel panel-primary"],"ticketed":false,"_links":{"self":[{"href":"http:\/\/www.neulingschule.de\/neulingschule-wp\/wp-json\/wp\/v2\/pages\/264","targetHints":{"allow":["GET"]}}],"collection":[{"href":"http:\/\/www.neulingschule.de\/neulingschule-wp\/wp-json\/wp\/v2\/pages"}],"about":[{"href":"http:\/\/www.neulingschule.de\/neulingschule-wp\/wp-json\/wp\/v2\/types\/page"}],"author":[{"embeddable":true,"href":"http:\/\/www.neulingschule.de\/neulingschule-wp\/wp-json\/wp\/v2\/users\/2"}],"replies":[{"embeddable":true,"href":"http:\/\/www.neulingschule.de\/neulingschule-wp\/wp-json\/wp\/v2\/comments?post=264"}],"version-history":[{"count":1,"href":"http:\/\/www.neulingschule.de\/neulingschule-wp\/wp-json\/wp\/v2\/pages\/264\/revisions"}],"predecessor-version":[{"id":265,"href":"http:\/\/www.neulingschule.de\/neulingschule-wp\/wp-json\/wp\/v2\/pages\/264\/revisions\/265"}],"up":[{"embeddable":true,"href":"http:\/\/www.neulingschule.de\/neulingschule-wp\/wp-json\/wp\/v2\/pages\/94"}],"wp:attachment":[{"href":"http:\/\/www.neulingschule.de\/neulingschule-wp\/wp-json\/wp\/v2\/media?parent=264"}],"curies":[{"name":"wp","href":"https:\/\/api.w.org\/{rel}","templated":true}]}}