{"id":123,"date":"2016-04-15T11:25:08","date_gmt":"2016-04-15T09:25:08","guid":{"rendered":"http:\/\/www.neulingschule.de\/neulingschule-wp\/?page_id=123"},"modified":"2016-04-19T12:33:31","modified_gmt":"2016-04-19T10:33:31","slug":"uebergang-weiterfuehrende-schulen","status":"publish","type":"page","link":"http:\/\/www.neulingschule.de\/neulingschule-wp\/infos-und-termine\/uebergang-weiterfuehrende-schulen\/","title":{"rendered":"\u00dcbergang Weiterf\u00fchrende Schulen"},"content":{"rendered":"<p>Im ersten Halbjahr der Klasse 4 informiert die Grundschule \u00fcber die Bildungsg\u00e4nge in den weiterf\u00fchrenden Schulen der Sekundarstufe I und das \u00f6rtliche Schulangebot. Anschlie\u00dfend ber\u00e4t die Klassenlehrerin oder der Klassenlehrer mit den Eltern in einem gemeinsamen Gespr\u00e4ch \u00fcber die weitere schulische F\u00f6rderung des Kindes. Die Empfehlung f\u00fcr die Schulform gem\u00e4\u00df \u00a7 11 Abs. 4 Satz 1 SchulG ist ein Teil des Halbjahreszeugnisses der Klasse 4. Darin wird die Schulform benannt, f\u00fcr die das Kind nach Auffassung der Grundschule geeignet ist. Ist ein Kind nach Auffassung der Grundschule f\u00fcr eine weitere Schulform mit Einschr\u00e4nkung geeignet, wird auch diese mit dem genannten Zusatz benannt. Die Empfehlung ist zu begr\u00fcnden.<\/p>\n<p>&nbsp;<\/p>\n<p>Die Eltern melden ihr Kind unter Vorlage des Halbjahreszeugnisses der Klasse 4 an der Schule der von ihnen gew\u00e4hlten Schulform an. Die Schule unterrichtet die Grundschule \u00fcber die Anmeldung.<\/p>\n<p>&nbsp;<\/p>\n<p>Wollen die Eltern ihr Kind an einer Schulform anmelden, f\u00fcr die das Kind nach Einsch\u00e4tzung der Grundschule nicht geeignet ist, f\u00fchren die weiterf\u00fchrenden Schule in der Regel ein Beratungsgespr\u00e4ch teilnehmen.<\/p>\n","protected":false},"excerpt":{"rendered":"<p>Im ersten Halbjahr der Klasse 4 informiert die Grundschule \u00fcber die Bildungsg\u00e4nge in den weiterf\u00fchrenden Schulen der Sekundarstufe I und das \u00f6rtliche Schulangebot. Anschlie\u00dfend ber\u00e4t die Klassenlehrerin oder der Klassenlehrer &#8230;<br \/><a class=\"btn btn-primary btn-sm read-more\" href=\"http:\/\/www.neulingschule.de\/neulingschule-wp\/infos-und-termine\/uebergang-weiterfuehrende-schulen\/\" role=\"button\">Read more<\/a><\/p>\n","protected":false},"author":1,"featured_media":0,"parent":114,"menu_order":4,"comment_status":"closed","ping_status":"closed","template":"","meta":{"_price":"","_stock":"","_tribe_ticket_header":"","_tribe_default_ticket_provider":"","_tribe_ticket_capacity":"0","_ticket_start_date":"","_ticket_end_date":"","_tribe_ticket_show_description":"","_tribe_ticket_show_not_going":false,"_tribe_ticket_use_global_stock":"","_tribe_ticket_global_stock_level":"","_global_stock_mode":"","_global_stock_cap":"","_tribe_rsvp_for_event":"","_tribe_ticket_going_count":"","_tribe_ticket_not_going_count":"","_tribe_tickets_list":"[]","_tribe_ticket_has_attendee_info_fields":false,"footnotes":"","_tec_slr_enabled":"","_tec_slr_layout":""},"class_list":["post-123","page","type-page","status-publish","hentry","row panel panel-primary"],"ticketed":false,"_links":{"self":[{"href":"http:\/\/www.neulingschule.de\/neulingschule-wp\/wp-json\/wp\/v2\/pages\/123","targetHints":{"allow":["GET"]}}],"collection":[{"href":"http:\/\/www.neulingschule.de\/neulingschule-wp\/wp-json\/wp\/v2\/pages"}],"about":[{"href":"http:\/\/www.neulingschule.de\/neulingschule-wp\/wp-json\/wp\/v2\/types\/page"}],"author":[{"embeddable":true,"href":"http:\/\/www.neulingschule.de\/neulingschule-wp\/wp-json\/wp\/v2\/users\/1"}],"replies":[{"embeddable":true,"href":"http:\/\/www.neulingschule.de\/neulingschule-wp\/wp-json\/wp\/v2\/comments?post=123"}],"version-history":[{"count":2,"href":"http:\/\/www.neulingschule.de\/neulingschule-wp\/wp-json\/wp\/v2\/pages\/123\/revisions"}],"predecessor-version":[{"id":193,"href":"http:\/\/www.neulingschule.de\/neulingschule-wp\/wp-json\/wp\/v2\/pages\/123\/revisions\/193"}],"up":[{"embeddable":true,"href":"http:\/\/www.neulingschule.de\/neulingschule-wp\/wp-json\/wp\/v2\/pages\/114"}],"wp:attachment":[{"href":"http:\/\/www.neulingschule.de\/neulingschule-wp\/wp-json\/wp\/v2\/media?parent=123"}],"curies":[{"name":"wp","href":"https:\/\/api.w.org\/{rel}","templated":true}]}}